ns digit of 18660821?
8
What is the units digit of 369320739?
9
What is the ten thousands digit of 26266582?
6
What is the hundred millions digit of 157446731?
1
What is the thousands digit of 182158572?
8
What is the millions digit of 56419764?
6
What is the units digit of 6986470510?
0
What is the billions digit of 1141866998?
1
What is the hundreds digit of 846403318?
3
What is the millions digit of 1967773719?
7
What is the tens digit of 1277764062?
6
What is the tens digit of 13307322?
2
What is the ten thousands digit of 1244048580?
4
What is the millions digit of 128678948?
8
What is the tens digit of 1400982596?
9
What is the hundreds digit of 770254441?
4
What is the hundred thousands digit of 28757576?
7
What is the ten millions digit of 683343834?
8
What is the ten thousands digit of 52389764?
8
What is the hundreds digit of 186414654?
6
What is the tens digit of 764095300?
0
What is the ten thousands digit of 2285549300?
4
What is the billions digit of 1160294369?
1
What is the hundred thousands digit of 368488821?
4
What is the hundred thousands digit of 19942162?
9
What is the millions digit of 6604167871?
4
What is the billions digit of 2418106997?
2
What is the ten millions digit of 837850309?
3
What is the ten thousands digit of 67783926?
8
What is the hundred millions digit of 762760678?
7
What is the hundred millions digit of 105074175?
1
What is the thousands digit of 41133558?
3
What is the tens digit of 78302806?
0
What is the ten thousands digit of 186499816?
9
What is the units digit of 8481521?
1
What is the millions digit of 289847024?
9
What is the hundred thousands digit of 1070800493?
8
What is the units digit of 5564754?
4
What is the ten millions digit of 1282073953?
8
What is the hundred thousands digit of 1289663360?
6
What is the ten millions digit of 4394674895?
9
What is the hundred millions digit of 101598195?
1
What is the millions digit of 3129223419?
9
What is the millions digit of 842768088?
2
What is the units digit of 88516585?
5
What is the ten millions digit of 1214775592?
1
What is the hundreds digit of 2407939300?
3
What is the hundred millions digit of 105183419?
1
What is the thousands digit of 2560867417?
7
What is the tens digit of 65311503?
0
What is the hundred thousands digit of 2167487740?
4
What is the millions digit of 2638660183?
8
What is the hundred thousands digit of 39452101?
4
What is the ten millions digit of 695375841?
9
What is the millions digit of 119974737?
9
What is the units digit of 1221980395?
5
What is the millions digit of 9017927?
9
What is the hundreds digit of 141472109?
1
What is the hundred millions digit of 4408505263?
4
What is the hundreds digit of 100427844?
8
What is the ten millions digit of 350827033?
5
What is the millions digit of 313813588?
3
What is the tens digit of 3573278?
7
What is the billions digit of 1119786629?
1
What is the tens digit of 472018477?
7
What is the thousands digit of 251945865?
5
What is the thousands digit of 37515853?
5
What is the hundreds digit of 70571667?
6
What is the units digit of 36233884?
4
What is the hundred millions digit of 142722508?
1
What is the tens digit of 193954473?
7
What is the thousands digit of 16746528?
6
What is the ten millions digit of 65917704?
6
What is the tens digit of 1284563349?
4
What is the hundred millions digit of 200498020?
2
What is the millions digit of 80480950?
0
What is the units digit of 5589298063?
3
What is the thousands digit of 1977479905?
9
What is the hundreds digit of 94725382?
3
What is the ten thousands digit of 3727629839?
2
What is the hundred thousands digit of 27139679?
1
What is the hundred millions digit of 149545468?
1
What is the millions digit of 9422464?
9
What is the hundred thousands digit of 39477366?
4
What is the millions digit of 80671020?
0
What is the thousands digit of 517493119?
3
What is the millions digit of 41861857?
1
What is the hundred thousands digit of 290639732?
6
What is the tens digit of 598243997?
9
What is the ten thousands digit of 260657778?
5
What is the hundreds digit of 5402108?
1
What is the hundreds digit of 212017410?
4
What is the ten thousands digit of 1743636334?
3
What is the tens digit of 139893872?
7
What is the hundred millions digit of 2313169888?
3
What is the ten thousands digit of 4307325?
0
What is the hundreds digit of 104874098?
0
What is the ten millions digit of 1492074737?
9
What is the tens digit of 74841255?
5
What is the units digit of 803149444?
4
What is the hundred millions digit of 226161076?
2
What is the millions digit of 99112156?
9
What is the ten thousands digit of 500678053?
7
What is the ten thousands digit of 15892219?
9
What is the thousands digit of 100276057?
6
What is the ten thousands digit of 1256381?
5
What is the hundreds digit of 121895505?
5
What is the ten thousands digit of 216474190?
7
What is the hundred millions digit of 365801663?
3
What is the billions digit of 2857562920?
2
What is the ten millions digit of 180676609?
8
What is the units digit of 85813604?
4
What is the thousands digit of 42884086?
4
What is the hundred thousands digit of 953160379?
1
What is the hundreds digit of 487349177?
1
What is the hundreds digit of 6794818866?
8
What is the thousands digit of 1610457158?
7
What is the millions digit of 2082493?
2
What is the hundred thousands digit of 38964568?
9
What is the units digit of 2904534287?
7
What is the millions digit of 583469806?
3
What is the ten thousands digit of 192108?
9
What is the millions digit of 2942407441?
2
What is the hundreds digit of 4404703512?
5
What is the hundred millions digit of 756135996?
7
What is the thousands digit of 1946904625?
4
What is the tens digit of 303212990?
9
What is the hundred thousands digit of 273515158?
5
What is the thousands digit of 48601368?
1
What is the hundreds digit of 164678657?
6
What is the units digit of 1146746283?
3
What is the units digit of 45512972?
2
What is the units digit of 4704327?
7
What is the thousands digit of 2333161852?
1
What is the thousands digit of 241083565?
3
What is the hundreds digit of 379276925?
9
What is the ten thousands digit of 1576726811?
2
What is the hundred thousands digit of 175519374?
5
What is the hundred millions digit of 800640504?
8
What is the millions digit of 232594191?
2
What is the ten millions digit of 121536529?
2
What is the tens digit of 1375584944?
4
What is the hundreds digit of 13295268?
2
What is the hundred millions digit of 579533590?
5
What is the ten thousands digit of 293354576?
5
What is the ten millions digit of 509589253?
0
What is the ten millions digit of 1206024701?
0
What is the tens digit of 116697030?
3
What is the units digit of 294722170?
0
What is the hundreds digit of 73041922?
9
What is the hundreds digit of 230928668?
6
What is the ten thousands digit of 48934817?
3
What is the hundred thousands digit of 5747604525?
6
What is the hundred thousands digit of 98131905?
1
What is the hundred thousands digit of 1188081950?
0
What is the units digit of 355659358?
8
What is the hundred thousands digit of 778566837?
5
What is the units digit of 3425825063?
3
What is the ten millions digit of 34531472?
3
What is the millions digit of 977224977?
7
What is the hundreds digit of 1186906390?
3
What is the hundreds digit of 239633238?
2
What is the tens digit of 6298892623?
2
What is the hundred thousands digit of 477153163?
1
What is the hundreds digit of 43708045?
0
What is the ten millions digit of 51082872?
5
What is the ten thousands digit of 4545180711?
8
What is the hundreds digit of 3368966667?
6
What is the hundreds digit of 1731020782?
7
What is the ten millions digit of 164133662?
6
What is the millions digit of 6461946367?
1
What is the tens digit of 2320909278?
7
What is the hundred thousands digit of 90237323?
2
What is the hundred thousands digit of 657758245?
7
What is the ten millions digit of 148488993?
4
What is the tens digit of 1272989920?
2
What is the millions digit of 60883736?
0
What is the hundred thousands digit of 3753282?
7
What is the ten millions digit of 879595783?
7
What is the hundred thousands digit of 574655857?
6
What is the ten thousands digit of 68558967?
5
What is the thousands digit of 2017874811?
4
What is the